t n = 50 - 45. Suppose -n*d - 509 = -v. Is d prime?
True
Let f = -20451 + 32488. Is f a prime number?
True
Let t = 2495 + 17972. Is t composite?
True
Let t be (-76)/(11/((-275)/10)). Suppose -188*i = -t*i + 844. Is i prime?
False
Let s = 2635 + 2211. Is s prime?
False
Let a(l) = -l**3 - 11*l**2 - 3. Let s be a(-11). Let k be (-72)/24*758/s. Let z = -441 + k. Is z composite?
False
Let j(a) = -5*a**3 - 7*a**2 - 3*a + 419. Let h(l) = l**3 + 2*l**2. Let m(i) = 4*h(i) + j(i). Is m(0) a prime number?
True
Let t(x) be the first derivative of -47*x**4/8 - 2*x**3/3 + 5*x**2/2 - 17. Let g(o) be the second derivative of t(o). Is g(-5) a composite number?
False
Let s(x) = -x**3 - 4*x**2 + 14*x + 22. Let u be s(-6). Let o(m) be the first derivative of 119*m**2/2 - 39*m + 16. Is o(u) a composite number?
False
Suppose -s = s - 2, 5*s = -4*u + 13. Suppose -293 = y - u*y. Suppose 0 = -11*k + 12*k - y. Is k a composite number?
False
Suppose -5*f = -22*f - 85153. Is (1 - f) + 2*(-1 + -1) a prime number?
False
Let b(o) = 3644*o - 2375. Is b(66) composite?
True
Let o(m) = 552*m**2 - 90*m + 2321. Is o(29) composite?
True
Let u = -3397 + 5725. Let d = 4735 - u. Is d prime?
False
Suppose -48600 = -3*n - 5*r, 4*n - 32407 = 2*n - r. Suppose n = 8*l - 8171. Is l a composite number?
True
Suppose 0 = -m + 7 - 3. Suppose 0*w = -m*w + 32. Suppose 0 = -w*d - 685 + 2373. Is d a prime number?
True
Suppose -3*z - 2*p + 116244 = 0, -5*p = 4*z - 0*p - 154999. Is z prime?
False
Let z(s) = 5*s - 1. Suppose 4*i = 7*i - 36. Let f be z(i). Is 1/(4/(-56))*f/(-2) composite?
True
Suppose -9111 - 58059 = 6*a. Let o = a - -26428. Is o a composite number?
False
Suppose -3534 = -0*h - 2*h - 2*k, -k = -4*h + 7083. Let z = h - 759. Is z a prime number?
False
Let j = -53 + 65. Suppose 0*l + 3*l = -2*c + 1156, -j = 3*c. Let s = l + -165. Is s composite?
False
Let k be 6/(-21) + (-1174452)/(-21). Suppose p = 2*c + 11180, 3*p + 3*c - k = -2*p. Is ((-1)/3)/((-16)/p) a prime number?
True
Let j(k) = 513*k - 41. Let g be j(8). Suppose -3*a = -4*b + 11743, -2*b + g = 3*a - 1804. Is b composite?
True
Let m = -5183 - -11712. Is m a composite number?
False
Let w be (-6)/(-4)*-2 - -5. Suppose 10 = 389*b - 387*b. Suppose -213 = -p + w*o, 2*o = -4*p + b*o + 832. Is p composite?
True
Let g be ((-6204)/(-110))/((-4)/(-10)). Suppose -139*k = -g*k + 3530. Is k prime?
False
Suppose -13*h + 12*h + f = 3957, -5*h - 5*f - 19735 = 0. Let l = h + 6719. Is l a prime number?
True
Let n(u) = 25605*u**2 - 13*u - 25. Let z be n(-2). Suppose -15*q + z = 11416. Is q prime?
True
Suppose 0 = 3*n - 4*y - 16801, 4*y - 8769 = -2*n + 2445. Let d = 7352 + n. Is d prime?
False
Let h(j) = 9*j**2 + 54*j + 23. Is h(22) prime?
False
Let w = 14666 - 147. Is w prime?
True
Suppose -n + 3 - 4 = 0. Let y be 5457 + -17 - n*2. Suppose 0*m = -6*m + y. Is m a prime number?
True
Let f be 2 - (3/1)/(-3). Suppose f*g - 2*g - 2508 = 2*j, 4 = -g. Let q = j - -1945. Is q a composite number?
True
Let h be 66/(-36) + 2 - (-12287)/6. Suppose 5*s - h = -g, 3*g - 6*g + 6163 = -4*s. Is g a composite number?
False
Let k = 2120148 + -1374331. Is k prime?
True
Let x(b) = 57*b**2 + 26*b - 226. Is x(-57) prime?
False
Suppose -27*u = -15*u - 24. Suppose -u*b + p + 4739 = -0*p, 0 = 2*b - 2*p - 4736. Is b a composite number?
False
Suppose -f + 97 = 5*d - 139, 0 = -5*f - 20. Let l = d - 31. Suppose -l*y = -22*y + 605. Is y a prime number?
False
Suppose 24324 = 9*z + 2499. Let l(k) = k**3 + 4*k**2 - 4*k + 7. Let p be l(-5). Suppose p*a - 853 = z. Is a composite?
True
Let n(w) = 2*w - 52. Let y be n(21). Let x be (-8898)/(-21) - y/35. Suppose -974 - x = -6*u. Is u a prime number?
True
Suppose 0 = 11*x - 13 - 42. Suppose 9292 = 9*p - x*p. Is p prime?
False
Let f = 146344 + -42035. Is f a composite number?
False
Suppose -4*a = -11 - 5. Suppose o = 5*s + 2739, 0*o + 4*s + 10892 = a*o. Is o prime?
True
Suppose 2827520 = -41*i - 22*i + 13168781. Is i a composite number?
False
Suppose -75614 - 175210 = 3*w. Let d = -32759 - w. Is d a composite number?
False
Let b be 1906/(-8) + 2/8. Let m(z) = 9*z**2 + 25*z - 80. Let u be m(3). Let a = u - b. Is a a composite number?
True
Suppose 550 = -9*z + 514. Is 5/2 + (-11802)/z a prime number?
True
Let p(r) = 13*r + 997. Suppose 15*u = -45*u. Is p(u) a composite number?
False
Let k = 1008587 + 171326. Is k a composite number?
True
Suppose 2*z - 5*g - 35 = 0, 3*g + 2*g - 70 = -5*z. Suppose 2*b - z*b + 1183 = 0. Is -2 - (-12)/7 - (-44889)/b a composite number?
True
Suppose 0 = 22*a - 792267 - 2661667. Is a a prime number?
False
Suppose -3*j - 5*r = -3*r, -2*j = 3*r. Suppose -5*t - 4*u - 21 = j, -3*t - 5*u - 26 = -3. Is t/(-1)*(1 + 418) a composite number?
False
Suppose 0 = 2*d + 5*b - 31428, -4896*d = -4900*d - 3*b + 62842. Is d a prime number?
False
Let p be -4*8/32*-1*3. Suppose -5*d = -p*c + 4746, -c = -6*c - 5*d + 7870. Is c prime?
False
Suppose -2*f - 5*w = -8, f + 11*w - 3 = 8*w. Let j(c) = 354*c - 37. Is j(f) a prime number?
False
Suppose 4*r + 55*f - 50*f = 786836, -4*f = -2*r + 393418. Is r a composite number?
False
Let h = -56510 + 375492. Is h a composite number?
True
Let j(l) = 36*l - 44. Let x(m) = m**3 + 10*m**2 - 11*m + 9. Let v be x(-11). Let n be j(v). Let g = n + -171. Is g a prime number?
True
Let i = -100 - -99. Let h be (3/5)/(i/(-6985)). Suppose -6*c + 3*c = -h. Is c prime?
False
Suppose -x = -4*t - 27271, -3*t = 2*x - 8204 + 28671. Let p = t - -10606. Is p a prime number?
False
Let n be (-6)/(-18) + ((-154)/(-3))/2. Suppose -5*f + n = 2*a + 1, -3*a - 5*f + 35 = 0. Let j = a + -6. Is j composite?
True
Let v = -866276 + 2327005. Is v composite?
False
Let j = 666 + 50. Let c = j + 410. Is c composite?
True
Let i(m) be the third derivative of 77*m**5/60 - m**4/3 - 29*m**3/6 - 79*m**2. Is i(8) a prime number?
False
Let t(c) = -41*c**3 - 9*c**2 + 15*c + 20. Let n(i) = -4*i**3 + i**2 + i. Let p(j) = 5*n(j) - t(j). Is p(7) composite?
True
Let t be 21/3 + 2 + -4. Suppose -t*h + 36 = 511. Let k = h - -492. Is k composite?
False
Let o = 44953 - -63498. Is o a composite number?
True
Let y(c) = 16276*c - 25. Let p be y(-3). Is (-14)/77 - 1/11*p composite?
False
Suppose 15*w - 23756 = 15310 - 2676. Is w composite?
True
Suppose -4254 + 63338 = f - 3*z, 0 = -4*f - 2*z + 236378. Is f a prime number?
True
Suppose -m + 108 = -4*f - 2*m, 0 = -5*f - 2*m - 138. Let o = 36 + f. Suppose 0 = 2*h + o, 0*h = 2*w - h - 1275. Is w composite?
True
Let y(x) = -1008*x**3 - 6*x**2 - 29*x - 33. Is y(-8) composite?
True
Let t be (-6)/21 - (-161)/49. Suppose t*k - 6*k + 324 = 0. Suppose 2*h + k = l + l, -l - 5*h + 48 = 0. Is l composite?
False
Let w be (-18531)/(-58)*2/3. Suppose 0 = 2*x - 2*a - 142, -8*x + 5*x + 5*a + w = 0. Is x composite?
False
Suppose -h + 6525 + 4369 = f, -3*h = 5*f - 54464. Suppose 3889 = 20*n - f. Is n a prime number?
True
Let a = -908 - -1757. Suppose -b - 5*d = b - a, -4*b - 2*d = -1690. Is b prime?
False
Let g be 12/(-14)*(-28)/6. Let w be 3/g - 6/(48/(-506)). Let v = -31 + w. Is v a prime number?
False
Let i(s) = 4301*s**2 + s - 37. Is i(-8) a prime number?
False
Suppose 4*z - 745731 = -11*h, -4*h + 300 - 280 = 0. Is z a composite number?
False
Let p = -9 + 45. Is 9/p - 11270/(-8) a composite number?
False
Let m = -16509 - -53764. Is m a composite number?
True
Let w be 50/8 + 39/52. Suppose 2*o + 17022 = 3*z + w*o, 15 = 5*o. Is z a prime number?
True
Suppose 16*y = 2*y - 22*y + 32148. Is y composite?
True
Let d(f) = f**3 + 6*f**2 + 2*f + 11. Let i be d(-5). Let l = -13 + i. Suppose 0 = w - 98 + l. Is w a composite number?
True
Let u = -1113 - -16446. Let w = 938 + u. Is w a composite number?
True
Let h(p) = 170*p**2 - 201*p - 1616. Is h(-9) a composite number?
False
Let z(l) = -64*l - 123. Let i(o) = -o**2 - 12*o + 160. Let m be i(9). Is z(m) composite?
False
Let m = 42842 - 14140. Let w = m - 19209. Is w a prime number?
False
Suppose -5*t = -10, 0 = p - 5*t + 6*t - 33896. Suppose i + x = p, 3*i = -4*x + 47437 + 54246. Is i a prime number?
True
Suppose 0 = -4*v + 8, 2*f + 66*v = 64*v + 6534. Is f a composite number?
True
Let f = 7 - 63. Let d = -52 - f. Suppose -d*j - 4*q + 4190 = -2*j, 0 = -4*j + 2*q + 8400. Is j a composite number?
False
Let c(l) = -203*l + 15. Let x(a) = -1 - 191*a + 30 - 214*a. Let m(i) = -5*c(i)